{"id":143,"date":"2024-10-03T10:36:44","date_gmt":"2024-10-03T08:36:44","guid":{"rendered":"http:\/\/geo-info.fr\/?page_id=143"},"modified":"2024-10-03T10:41:32","modified_gmt":"2024-10-03T08:41:32","slug":"elementor-page-143","status":"publish","type":"page","link":"https:\/\/geo-info.fr\/index.php\/elementor-page-143\/","title":{"rendered":"R\u00f4le et contenu des \u00e9tudes G1"},"content":{"rendered":"\t\t<div data-elementor-type=\"wp-page\" data-elementor-id=\"143\" class=\"elementor elementor-143\">\n\t\t\t\t<div class=\"elementor-element elementor-element-6474f5d e-flex e-con-boxed e-con e-parent\" data-id=\"6474f5d\" data-element_type=\"container\">\n\t\t\t\t\t<div class=\"e-con-inner\">\n\t\t\t\t<div class=\"elementor-element elementor-element-92a0963 elementor-widget elementor-widget-heading\" data-id=\"92a0963\" data-element_type=\"widget\" data-widget_type=\"heading.default\">\n\t\t\t\t<div class=\"elementor-widget-container\">\n\t\t\t<style>\/*! elementor - v3.23.0 - 05-08-2024 *\/\n.elementor-heading-title{padding:0;margin:0;line-height:1}.elementor-widget-heading .elementor-heading-title[class*=elementor-size-]>a{color:inherit;font-size:inherit;line-height:inherit}.elementor-widget-heading .elementor-heading-title.elementor-size-small{font-size:15px}.elementor-widget-heading .elementor-heading-title.elementor-size-medium{font-size:19px}.elementor-widget-heading .elementor-heading-title.elementor-size-large{font-size:29px}.elementor-widget-heading .elementor-heading-title.elementor-size-xl{font-size:39px}.elementor-widget-heading .elementor-heading-title.elementor-size-xxl{font-size:59px}<\/style><h2 class=\"elementor-heading-title elementor-size-default\">Le r\u00f4le et le contenu des \u00e9tudes g\u00e9otechniques pr\u00e9alables <br>pour la vente et l\u2019am\u00e9nagement des terrains<\/h2>\t\t<\/div>\n\t\t\t\t<\/div>\n\t\t\t\t<div class=\"elementor-element elementor-element-c2dc98b elementor-widget elementor-widget-image\" data-id=\"c2dc98b\" data-element_type=\"widget\" data-widget_type=\"image.default\">\n\t\t\t\t<div class=\"elementor-widget-container\">\n\t\t\t<style>\/*! elementor - v3.23.0 - 05-08-2024 *\/\n.elementor-widget-image{text-align:center}.elementor-widget-image a{display:inline-block}.elementor-widget-image a img[src$=\".svg\"]{width:48px}.elementor-widget-image img{vertical-align:middle;display:inline-block}<\/style>\t\t\t\t\t\t\t\t\t\t<img fetchpriority=\"high\" decoding=\"async\" width=\"600\" height=\"310\" src=\"https:\/\/geo-info.fr\/wp-content\/uploads\/2024\/09\/Terrain-constructible.jpg\" class=\"attachment-large size-large wp-image-95\" alt=\"\" srcset=\"https:\/\/geo-info.fr\/wp-content\/uploads\/2024\/09\/Terrain-constructible.jpg 600w, https:\/\/geo-info.fr\/wp-content\/uploads\/2024\/09\/Terrain-constructible-300x155.jpg 300w\" sizes=\"(max-width: 600px) 100vw, 600px\" \/>\t\t\t\t\t\t\t\t\t\t\t\t\t<\/div>\n\t\t\t\t<\/div>\n\t\t\t\t<div class=\"elementor-element elementor-element-1f7d01b elementor-widget elementor-widget-heading\" data-id=\"1f7d01b\" data-element_type=\"widget\" data-widget_type=\"heading.default\">\n\t\t\t\t<div class=\"elementor-widget-container\">\n\t\t\t<h2 class=\"elementor-heading-title elementor-size-default\"><h2 dir=\"auto\" data-pm-slice=\"1 1 []\">Introduction aux \u00e9tudes g\u00e9otechniques pr\u00e9alables<span style=\"background-color: transparent; color: var( --e-global-color-primary ); font-family: var( --e-global-typography-primary-font-family ), Sans-serif; font-weight: var( --e-global-typography-primary-font-weight ); text-align: var(--text-align);\"><\/span><\/h2><\/h2>\t\t<\/div>\n\t\t\t\t<\/div>\n\t\t\t\t<div class=\"elementor-element elementor-element-8d71228 elementor-widget elementor-widget-text-editor\" data-id=\"8d71228\" data-element_type=\"widget\" data-widget_type=\"text-editor.default\">\n\t\t\t\t<div class=\"elementor-widget-container\">\n\t\t\t<style>\/*! elementor - v3.23.0 - 05-08-2024 *\/\n.elementor-widget-text-editor.elementor-drop-cap-view-stacked .elementor-drop-cap{background-color:#69727d;color:#fff}.elementor-widget-text-editor.elementor-drop-cap-view-framed .elementor-drop-cap{color:#69727d;border:3px solid;background-color:transparent}.elementor-widget-text-editor:not(.elementor-drop-cap-view-default) .elementor-drop-cap{margin-top:8px}.elementor-widget-text-editor:not(.elementor-drop-cap-view-default) .elementor-drop-cap-letter{width:1em;height:1em}.elementor-widget-text-editor .elementor-drop-cap{float:left;text-align:center;line-height:1;font-size:50px}.elementor-widget-text-editor .elementor-drop-cap-letter{display:inline-block}<\/style>\t\t\t\t<p class=\"body\" dir=\"auto\" data-pm-slice=\"1 1 []\">Les \u00e9tudes g\u00e9otechniques pr\u00e9alables jouent un r\u00f4le essentiel dans la vente et l&#8217;am\u00e9nagement des terrains. Ces \u00e9tudes fournissent une analyse approfondie des conditions du sol et de la sous-surface, ce qui est crucial pour assurer la stabilit\u00e9 et la s\u00e9curit\u00e9 des projets de construction. En respectant les recommandations issues de ces \u00e9tudes, les promoteurs et les acheteurs potentiels peuvent \u00e9viter des risques potentiels et des co\u00fbts impr\u00e9vus.<\/p>\t\t\t\t\t\t<\/div>\n\t\t\t\t<\/div>\n\t\t\t\t<div class=\"elementor-element elementor-element-1c0b514 elementor-widget elementor-widget-heading\" data-id=\"1c0b514\" data-element_type=\"widget\" data-widget_type=\"heading.default\">\n\t\t\t\t<div class=\"elementor-widget-container\">\n\t\t\t<h2 class=\"elementor-heading-title elementor-size-default\"><h2 dir=\"auto\" data-pm-slice=\"1 1 []\">Importance des \u00e9tudes pr\u00e9alables G1ES et G1PGC<span style=\"color: var( --e-global-color-primary ); font-family: var( --e-global-typography-primary-font-family ), Sans-serif; font-weight: var( --e-global-typography-primary-font-weight ); text-align: var(--text-align); background-color: transparent;\"><\/span><\/h2><\/h2>\t\t<\/div>\n\t\t\t\t<\/div>\n\t\t\t\t<div class=\"elementor-element elementor-element-0d95e3d elementor-widget elementor-widget-text-editor\" data-id=\"0d95e3d\" data-element_type=\"widget\" data-widget_type=\"text-editor.default\">\n\t\t\t\t<div class=\"elementor-widget-container\">\n\t\t\t\t\t\t\t<p class=\"body\" dir=\"auto\" data-pm-slice=\"1 1 []\">Les \u00e9tudes pr\u00e9alables G1ES (\u00c9tat des lieux) et G1PGC (Projet G\u00e9n\u00e9ral de Construction) sont deux phases distinctes mais compl\u00e9mentaires dans le processus g\u00e9otechnique. La phase G1ES vise \u00e0 collecter des informations de base sur le sol et les conditions environnementales d&#8217;un site donn\u00e9. Cela comprend des inspections visuelles, des investigations g\u00e9ophysiques et parfois des essais sur le terrain.<\/p><p class=\"body\" dir=\"auto\">La phase G1PGC, quant \u00e0 elle, est plus d\u00e9taill\u00e9e et technique. Elle implique des essais de sol en laboratoire, des analyses de fondation et des recommandations sp\u00e9cifiques pour le projet de construction. Ensemble, ces \u00e9tudes fournissent une image claire des risques potentiels et des conditions g\u00e9ologiques qui peuvent affecter le projet.<\/p>\t\t\t\t\t\t<\/div>\n\t\t\t\t<\/div>\n\t\t\t\t<div class=\"elementor-element elementor-element-cfae127 elementor-widget elementor-widget-heading\" data-id=\"cfae127\" data-element_type=\"widget\" data-widget_type=\"heading.default\">\n\t\t\t\t<div class=\"elementor-widget-container\">\n\t\t\t<h2 class=\"elementor-heading-title elementor-size-default\"><span style=\"color: var(--global-palette3); font-family: var(--global-heading-font-family); text-align: var(--text-align); background-color: transparent;\">Contenu des \u00e9tudes g\u00e9otechniques pr\u00e9alables<\/span><\/h2>\t\t<\/div>\n\t\t\t\t<\/div>\n\t\t\t\t<div class=\"elementor-element elementor-element-e7bf070 elementor-widget elementor-widget-text-editor\" data-id=\"e7bf070\" data-element_type=\"widget\" data-widget_type=\"text-editor.default\">\n\t\t\t\t<div class=\"elementor-widget-container\">\n\t\t\t\t\t\t\t<p dir=\"auto\" data-pm-slice=\"1 3 []\">Le contenu des \u00e9tudes g\u00e9otechniques pr\u00e9alables varie en fonction de la nature et de l&#8217;ampleur du projet, mais elles comprennent g\u00e9n\u00e9ralement les \u00e9l\u00e9ments suivants :<\/p><ul dir=\"auto\"><li><p dir=\"auto\"><strong>Topographie du site :<\/strong> Analyse des caract\u00e9ristiques g\u00e9ographiques et de la surface du terrain.<\/p><\/li><li><p dir=\"auto\"><strong>Hydrologie :<\/strong> \u00c9valuation de la pr\u00e9sence d&#8217;eau souterraine et des risques d&#8217;inondation.<\/p><\/li><li><p dir=\"auto\"><strong>Composition du sol :<\/strong> \u00c9tude des diff\u00e9rentes couches de sol et de leur capacit\u00e9 portante.<\/p><\/li><li><p dir=\"auto\"><strong>Risques sismiques :<\/strong> Analyse de la susceptibilit\u00e9 du site aux tremblements de terre.<\/p><\/li><li><p dir=\"auto\"><strong>Analyses en laboratoire :<\/strong> Essais de sol pour \u00e9valuer sa stabilit\u00e9 et ses propri\u00e9t\u00e9s m\u00e9caniques.<\/p><\/li><\/ul>\t\t\t\t\t\t<\/div>\n\t\t\t\t<\/div>\n\t\t\t\t<div class=\"elementor-element elementor-element-df27b4b elementor-widget elementor-widget-heading\" data-id=\"df27b4b\" data-element_type=\"widget\" data-widget_type=\"heading.default\">\n\t\t\t\t<div class=\"elementor-widget-container\">\n\t\t\t<h2 class=\"elementor-heading-title elementor-size-default\"><span style=\"color: var(--global-palette3); font-family: var(--global-heading-font-family); text-align: var(--text-align); background-color: transparent;\">Avantages de la r\u00e9alisation d'\u00e9tudes g\u00e9otechniques<\/span><\/h2>\t\t<\/div>\n\t\t\t\t<\/div>\n\t\t\t\t<div class=\"elementor-element elementor-element-8286960 elementor-widget elementor-widget-text-editor\" data-id=\"8286960\" data-element_type=\"widget\" data-widget_type=\"text-editor.default\">\n\t\t\t\t<div class=\"elementor-widget-container\">\n\t\t\t\t\t\t\t<p dir=\"auto\" class=\"body\" data-pm-slice=\"1 1 []\">Pour les propri\u00e9taires de terrains et les d\u00e9veloppeurs, r\u00e9aliser des \u00e9tudes g\u00e9otechniques pr\u00e9alables pr\u00e9sente plusieurs avantages. Premi\u00e8rement, ces \u00e9tudes permettent de d\u00e9tecter les probl\u00e8mes potentiels d\u00e8s le d\u00e9but du projet, ce qui peut \u00e9viter des retards et des surco\u00fbts significatifs. De plus, elles garantissent que les infrastructures construites seront stables et durables \u00e0 long terme.<\/p><p dir=\"auto\" class=\"body\">Enfin, disposer de rapports g\u00e9otechniques d\u00e9taill\u00e9s peut \u00e9galement augmenter la valeur d&#8217;un terrain aux yeux des acheteurs potentiels, car il montre que les risques ont \u00e9t\u00e9 minutieusement \u00e9valu\u00e9s et mitig\u00e9s.<\/p>\t\t\t\t\t\t<\/div>\n\t\t\t\t<\/div>\n\t\t\t\t<div class=\"elementor-element elementor-element-7ccf08d elementor-widget elementor-widget-heading\" data-id=\"7ccf08d\" data-element_type=\"widget\" data-widget_type=\"heading.default\">\n\t\t\t\t<div class=\"elementor-widget-container\">\n\t\t\t<h2 class=\"elementor-heading-title elementor-size-default\"><span style=\"color: var(--global-palette3); font-family: var(--global-heading-font-family); text-align: var(--text-align); background-color: transparent;\">Conclusion<\/span><\/h2>\t\t<\/div>\n\t\t\t\t<\/div>\n\t\t\t\t<div class=\"elementor-element elementor-element-fca87cb elementor-widget elementor-widget-text-editor\" data-id=\"fca87cb\" data-element_type=\"widget\" data-widget_type=\"text-editor.default\">\n\t\t\t\t<div class=\"elementor-widget-container\">\n\t\t\t\t\t\t\t<p class=\"body\" dir=\"auto\" data-pm-slice=\"1 1 []\">Les \u00e9tudes g\u00e9otechniques pr\u00e9alables sont une \u00e9tape cruciale pour tout projet de vente ou d&#8217;am\u00e9nagement de terrain. Elles fournissent les informations n\u00e9cessaires pour \u00e9valuer avec pr\u00e9cision les conditions du site et pour planifier des constructions s\u00fbres et efficaces. En investissant dans ces \u00e9tudes, les propri\u00e9taires de terrains et les promoteurs peuvent aborder leurs projets avec confiance et r\u00e9duire les risques li\u00e9s au sol.<\/p>\t\t\t\t\t\t<\/div>\n\t\t\t\t<\/div>\n\t\t\t\t\t<\/div>\n\t\t\t\t<\/div>\n\t\t\t\t<\/div>\n\t\t","protected":false},"excerpt":{"rendered":"<p>Le r\u00f4le et le contenu des \u00e9tudes g\u00e9otechniques pr\u00e9alables pour la vente et l\u2019am\u00e9nagement des terrains Introduction aux \u00e9tudes g\u00e9otechniques pr\u00e9alables Les \u00e9tudes g\u00e9otechniques pr\u00e9alables jouent un r\u00f4le essentiel dans la vente et l&#8217;am\u00e9nagement des terrains. Ces \u00e9tudes fournissent une analyse approfondie des conditions du sol et de la sous-surface, ce qui est crucial pour&#8230;<\/p>\n","protected":false},"author":1,"featured_media":95,"parent":0,"menu_order":0,"comment_status":"open","ping_status":"closed","template":"elementor_theme","meta":{"_monsterinsights_skip_tracking":false,"_monsterinsights_sitenote_active":false,"_monsterinsights_sitenote_note":"","_monsterinsights_sitenote_category":0,"_kadence_starter_templates_imported_post":false,"_kad_post_transparent":"","_kad_post_title":"hide","_kad_post_layout":"fullwidth","_kad_post_sidebar_id":"","_kad_post_content_style":"unboxed","_kad_post_vertical_padding":"hide","_kad_post_feature":"hide","_kad_post_feature_position":"","_kad_post_header":false,"_kad_post_footer":false,"footnotes":""},"class_list":["post-143","page","type-page","status-publish","has-post-thumbnail","hentry"],"yoast_head":"<!-- This site is optimized with the Yoast SEO plugin v23.4 - https:\/\/yoast.com\/wordpress\/plugins\/seo\/ -->\n<title>R\u00f4le et contenu des \u00e9tudes G1 - WordPress<\/title>\n<meta name=\"robots\" content=\"index, follow, max-snippet:-1, max-image-preview:large, max-video-preview:-1\" \/>\n<link rel=\"canonical\" href=\"https:\/\/geo-info.fr\/index.php\/elementor-page-143\/\" \/>\n<meta property=\"og:locale\" content=\"en_US\" \/>\n<meta property=\"og:type\" content=\"article\" \/>\n<meta property=\"og:title\" content=\"R\u00f4le et contenu des \u00e9tudes G1 - WordPress\" \/>\n<meta property=\"og:description\" content=\"Le r\u00f4le et le contenu des \u00e9tudes g\u00e9otechniques pr\u00e9alables pour la vente et l\u2019am\u00e9nagement des terrains Introduction aux \u00e9tudes g\u00e9otechniques pr\u00e9alables Les \u00e9tudes g\u00e9otechniques pr\u00e9alables jouent un r\u00f4le essentiel dans la vente et l&#8217;am\u00e9nagement des terrains. Ces \u00e9tudes fournissent une analyse approfondie des conditions du sol et de la sous-surface, ce qui est crucial pour...\" \/>\n<meta property=\"og:url\" content=\"https:\/\/geo-info.fr\/index.php\/elementor-page-143\/\" \/>\n<meta property=\"og:site_name\" content=\"WordPress\" \/>\n<meta property=\"article:modified_time\" content=\"2024-10-03T08:41:32+00:00\" \/>\n<meta property=\"og:image\" content=\"https:\/\/geo-info.fr\/wp-content\/uploads\/2024\/09\/Terrain-constructible.jpg\" \/>\n\t<meta property=\"og:image:width\" content=\"600\" \/>\n\t<meta property=\"og:image:height\" content=\"310\" \/>\n\t<meta property=\"og:image:type\" content=\"image\/jpeg\" \/>\n<meta name=\"twitter:card\" content=\"summary_large_image\" \/>\n<meta name=\"twitter:label1\" content=\"Est. reading time\" \/>\n\t<meta name=\"twitter:data1\" content=\"3 minutes\" \/>\n<script type=\"application\/ld+json\" class=\"yoast-schema-graph\">{\"@context\":\"https:\/\/schema.org\",\"@graph\":[{\"@type\":\"WebPage\",\"@id\":\"https:\/\/geo-info.fr\/index.php\/elementor-page-143\/\",\"url\":\"https:\/\/geo-info.fr\/index.php\/elementor-page-143\/\",\"name\":\"R\u00f4le et contenu des \u00e9tudes G1 - WordPress\",\"isPartOf\":{\"@id\":\"https:\/\/geo-info.fr\/#website\"},\"primaryImageOfPage\":{\"@id\":\"https:\/\/geo-info.fr\/index.php\/elementor-page-143\/#primaryimage\"},\"image\":{\"@id\":\"https:\/\/geo-info.fr\/index.php\/elementor-page-143\/#primaryimage\"},\"thumbnailUrl\":\"https:\/\/geo-info.fr\/wp-content\/uploads\/2024\/09\/Terrain-constructible.jpg\",\"datePublished\":\"2024-10-03T08:36:44+00:00\",\"dateModified\":\"2024-10-03T08:41:32+00:00\",\"breadcrumb\":{\"@id\":\"https:\/\/geo-info.fr\/index.php\/elementor-page-143\/#breadcrumb\"},\"inLanguage\":\"en-US\",\"potentialAction\":[{\"@type\":\"ReadAction\",\"target\":[\"https:\/\/geo-info.fr\/index.php\/elementor-page-143\/\"]}]},{\"@type\":\"ImageObject\",\"inLanguage\":\"en-US\",\"@id\":\"https:\/\/geo-info.fr\/index.php\/elementor-page-143\/#primaryimage\",\"url\":\"https:\/\/geo-info.fr\/wp-content\/uploads\/2024\/09\/Terrain-constructible.jpg\",\"contentUrl\":\"https:\/\/geo-info.fr\/wp-content\/uploads\/2024\/09\/Terrain-constructible.jpg\",\"width\":600,\"height\":310,\"caption\":\"Gr\u00fcnes \u00f6kologisches Naturhaus in der Landschaft\"},{\"@type\":\"BreadcrumbList\",\"@id\":\"https:\/\/geo-info.fr\/index.php\/elementor-page-143\/#breadcrumb\",\"itemListElement\":[{\"@type\":\"ListItem\",\"position\":1,\"name\":\"Accueil\",\"item\":\"https:\/\/geo-info.fr\/\"},{\"@type\":\"ListItem\",\"position\":2,\"name\":\"R\u00f4le et contenu des \u00e9tudes G1\"}]},{\"@type\":\"WebSite\",\"@id\":\"https:\/\/geo-info.fr\/#website\",\"url\":\"https:\/\/geo-info.fr\/\",\"name\":\"WordPress\",\"description\":\"Un site utilisant WordPress\",\"publisher\":{\"@id\":\"https:\/\/geo-info.fr\/#organization\"},\"potentialAction\":[{\"@type\":\"SearchAction\",\"target\":{\"@type\":\"EntryPoint\",\"urlTemplate\":\"https:\/\/geo-info.fr\/?s={search_term_string}\"},\"query-input\":{\"@type\":\"PropertyValueSpecification\",\"valueRequired\":true,\"valueName\":\"search_term_string\"}}],\"inLanguage\":\"en-US\"},{\"@type\":\"Organization\",\"@id\":\"https:\/\/geo-info.fr\/#organization\",\"name\":\"WordPress\",\"url\":\"https:\/\/geo-info.fr\/\",\"logo\":{\"@type\":\"ImageObject\",\"inLanguage\":\"en-US\",\"@id\":\"https:\/\/geo-info.fr\/#\/schema\/logo\/image\/\",\"url\":\"https:\/\/geo-info.fr\/wp-content\/uploads\/2024\/09\/TECHSOL.png\",\"contentUrl\":\"https:\/\/geo-info.fr\/wp-content\/uploads\/2024\/09\/TECHSOL.png\",\"width\":5000,\"height\":3106,\"caption\":\"WordPress\"},\"image\":{\"@id\":\"https:\/\/geo-info.fr\/#\/schema\/logo\/image\/\"}}]}<\/script>\n<!-- \/ Yoast SEO plugin. -->","yoast_head_json":{"title":"R\u00f4le et contenu des \u00e9tudes G1 - WordPress","robots":{"index":"index","follow":"follow","max-snippet":"max-snippet:-1","max-image-preview":"max-image-preview:large","max-video-preview":"max-video-preview:-1"},"canonical":"https:\/\/geo-info.fr\/index.php\/elementor-page-143\/","og_locale":"en_US","og_type":"article","og_title":"R\u00f4le et contenu des \u00e9tudes G1 - WordPress","og_description":"Le r\u00f4le et le contenu des \u00e9tudes g\u00e9otechniques pr\u00e9alables pour la vente et l\u2019am\u00e9nagement des terrains Introduction aux \u00e9tudes g\u00e9otechniques pr\u00e9alables Les \u00e9tudes g\u00e9otechniques pr\u00e9alables jouent un r\u00f4le essentiel dans la vente et l&#8217;am\u00e9nagement des terrains. Ces \u00e9tudes fournissent une analyse approfondie des conditions du sol et de la sous-surface, ce qui est crucial pour...","og_url":"https:\/\/geo-info.fr\/index.php\/elementor-page-143\/","og_site_name":"WordPress","article_modified_time":"2024-10-03T08:41:32+00:00","og_image":[{"width":600,"height":310,"url":"https:\/\/geo-info.fr\/wp-content\/uploads\/2024\/09\/Terrain-constructible.jpg","type":"image\/jpeg"}],"twitter_card":"summary_large_image","twitter_misc":{"Est. reading time":"3 minutes"},"schema":{"@context":"https:\/\/schema.org","@graph":[{"@type":"WebPage","@id":"https:\/\/geo-info.fr\/index.php\/elementor-page-143\/","url":"https:\/\/geo-info.fr\/index.php\/elementor-page-143\/","name":"R\u00f4le et contenu des \u00e9tudes G1 - WordPress","isPartOf":{"@id":"https:\/\/geo-info.fr\/#website"},"primaryImageOfPage":{"@id":"https:\/\/geo-info.fr\/index.php\/elementor-page-143\/#primaryimage"},"image":{"@id":"https:\/\/geo-info.fr\/index.php\/elementor-page-143\/#primaryimage"},"thumbnailUrl":"https:\/\/geo-info.fr\/wp-content\/uploads\/2024\/09\/Terrain-constructible.jpg","datePublished":"2024-10-03T08:36:44+00:00","dateModified":"2024-10-03T08:41:32+00:00","breadcrumb":{"@id":"https:\/\/geo-info.fr\/index.php\/elementor-page-143\/#breadcrumb"},"inLanguage":"en-US","potentialAction":[{"@type":"ReadAction","target":["https:\/\/geo-info.fr\/index.php\/elementor-page-143\/"]}]},{"@type":"ImageObject","inLanguage":"en-US","@id":"https:\/\/geo-info.fr\/index.php\/elementor-page-143\/#primaryimage","url":"https:\/\/geo-info.fr\/wp-content\/uploads\/2024\/09\/Terrain-constructible.jpg","contentUrl":"https:\/\/geo-info.fr\/wp-content\/uploads\/2024\/09\/Terrain-constructible.jpg","width":600,"height":310,"caption":"Gr\u00fcnes \u00f6kologisches Naturhaus in der Landschaft"},{"@type":"BreadcrumbList","@id":"https:\/\/geo-info.fr\/index.php\/elementor-page-143\/#breadcrumb","itemListElement":[{"@type":"ListItem","position":1,"name":"Accueil","item":"https:\/\/geo-info.fr\/"},{"@type":"ListItem","position":2,"name":"R\u00f4le et contenu des \u00e9tudes G1"}]},{"@type":"WebSite","@id":"https:\/\/geo-info.fr\/#website","url":"https:\/\/geo-info.fr\/","name":"WordPress","description":"Un site utilisant WordPress","publisher":{"@id":"https:\/\/geo-info.fr\/#organization"},"potentialAction":[{"@type":"SearchAction","target":{"@type":"EntryPoint","urlTemplate":"https:\/\/geo-info.fr\/?s={search_term_string}"},"query-input":{"@type":"PropertyValueSpecification","valueRequired":true,"valueName":"search_term_string"}}],"inLanguage":"en-US"},{"@type":"Organization","@id":"https:\/\/geo-info.fr\/#organization","name":"WordPress","url":"https:\/\/geo-info.fr\/","logo":{"@type":"ImageObject","inLanguage":"en-US","@id":"https:\/\/geo-info.fr\/#\/schema\/logo\/image\/","url":"https:\/\/geo-info.fr\/wp-content\/uploads\/2024\/09\/TECHSOL.png","contentUrl":"https:\/\/geo-info.fr\/wp-content\/uploads\/2024\/09\/TECHSOL.png","width":5000,"height":3106,"caption":"WordPress"},"image":{"@id":"https:\/\/geo-info.fr\/#\/schema\/logo\/image\/"}}]}},"_links":{"self":[{"href":"https:\/\/geo-info.fr\/index.php\/wp-json\/wp\/v2\/pages\/143","targetHints":{"allow":["GET"]}}],"collection":[{"href":"https:\/\/geo-info.fr\/index.php\/wp-json\/wp\/v2\/pages"}],"about":[{"href":"https:\/\/geo-info.fr\/index.php\/wp-json\/wp\/v2\/types\/page"}],"author":[{"embeddable":true,"href":"https:\/\/geo-info.fr\/index.php\/wp-json\/wp\/v2\/users\/1"}],"replies":[{"embeddable":true,"href":"https:\/\/geo-info.fr\/index.php\/wp-json\/wp\/v2\/comments?post=143"}],"version-history":[{"count":10,"href":"https:\/\/geo-info.fr\/index.php\/wp-json\/wp\/v2\/pages\/143\/revisions"}],"predecessor-version":[{"id":154,"href":"https:\/\/geo-info.fr\/index.php\/wp-json\/wp\/v2\/pages\/143\/revisions\/154"}],"wp:featuredmedia":[{"embeddable":true,"href":"https:\/\/geo-info.fr\/index.php\/wp-json\/wp\/v2\/media\/95"}],"wp:attachment":[{"href":"https:\/\/geo-info.fr\/index.php\/wp-json\/wp\/v2\/media?parent=143"}],"curies":[{"name":"wp","href":"https:\/\/api.w.org\/{rel}","templated":true}]}}