{"id":128,"date":"2024-10-03T10:45:21","date_gmt":"2024-10-03T08:45:21","guid":{"rendered":"http:\/\/geo-info.fr\/?page_id=128"},"modified":"2024-10-03T11:47:59","modified_gmt":"2024-10-03T09:47:59","slug":"elementor-128","status":"publish","type":"page","link":"https:\/\/geo-info.fr\/index.php\/elementor-128\/","title":{"rendered":"Voyage \u00e0 Travers l&#8217;Histoire"},"content":{"rendered":"\t\t<div data-elementor-type=\"wp-post\" data-elementor-id=\"128\" class=\"elementor elementor-128\">\n\t\t\t\t<div class=\"elementor-element elementor-element-f2d5ce3 e-flex e-con-boxed e-con e-parent\" data-id=\"f2d5ce3\" data-element_type=\"container\">\n\t\t\t\t\t<div class=\"e-con-inner\">\n\t\t\t\t<div class=\"elementor-element elementor-element-f5fe0dc elementor-widget elementor-widget-heading\" data-id=\"f5fe0dc\" data-element_type=\"widget\" data-widget_type=\"heading.default\">\n\t\t\t\t<div class=\"elementor-widget-container\">\n\t\t\t<style>\/*! elementor - v3.23.0 - 05-08-2024 *\/\n.elementor-heading-title{padding:0;margin:0;line-height:1}.elementor-widget-heading .elementor-heading-title[class*=elementor-size-]>a{color:inherit;font-size:inherit;line-height:inherit}.elementor-widget-heading .elementor-heading-title.elementor-size-small{font-size:15px}.elementor-widget-heading .elementor-heading-title.elementor-size-medium{font-size:19px}.elementor-widget-heading .elementor-heading-title.elementor-size-large{font-size:29px}.elementor-widget-heading .elementor-heading-title.elementor-size-xl{font-size:39px}.elementor-widget-heading .elementor-heading-title.elementor-size-xxl{font-size:59px}<\/style><h2 class=\"elementor-heading-title elementor-size-default\">L'Essence de la G\u00e9otechnique : Un Voyage \u00e0 Travers l'Histoire<\/h2>\t\t<\/div>\n\t\t\t\t<\/div>\n\t\t\t\t<div class=\"elementor-element elementor-element-ed482fd elementor-widget elementor-widget-heading\" data-id=\"ed482fd\" data-element_type=\"widget\" data-widget_type=\"heading.default\">\n\t\t\t\t<div class=\"elementor-widget-container\">\n\t\t\t<h2 class=\"elementor-heading-title elementor-size-default\"><h2 dir=\"auto\" data-pm-slice=\"1 1 []\">Introduction \u00e0 la G\u00e9otechnique<span style=\"color: var( --e-global-color-primary ); font-family: var( --e-global-typography-primary-font-family ), Sans-serif; font-weight: var( --e-global-typography-primary-font-weight ); text-align: var(--text-align); background-color: transparent;\"><\/span><\/h2><\/h2>\t\t<\/div>\n\t\t\t\t<\/div>\n\t\t\t\t<div class=\"elementor-element elementor-element-2e8fa7a elementor-widget elementor-widget-text-editor\" data-id=\"2e8fa7a\" data-element_type=\"widget\" data-widget_type=\"text-editor.default\">\n\t\t\t\t<div class=\"elementor-widget-container\">\n\t\t\t<style>\/*! elementor - v3.23.0 - 05-08-2024 *\/\n.elementor-widget-text-editor.elementor-drop-cap-view-stacked .elementor-drop-cap{background-color:#69727d;color:#fff}.elementor-widget-text-editor.elementor-drop-cap-view-framed .elementor-drop-cap{color:#69727d;border:3px solid;background-color:transparent}.elementor-widget-text-editor:not(.elementor-drop-cap-view-default) .elementor-drop-cap{margin-top:8px}.elementor-widget-text-editor:not(.elementor-drop-cap-view-default) .elementor-drop-cap-letter{width:1em;height:1em}.elementor-widget-text-editor .elementor-drop-cap{float:left;text-align:center;line-height:1;font-size:50px}.elementor-widget-text-editor .elementor-drop-cap-letter{display:inline-block}<\/style>\t\t\t\t<p class=\"body\" dir=\"auto\" data-pm-slice=\"1 1 []\">La g\u00e9otechnique est une discipline essentielle qui \u00e9tudie le comportement des sols et des roches sous l&#8217;effet de divers facteurs, notamment l&#8217;eau, la pression, et les structures humaines. Pour les n\u00e9ophytes, la g\u00e9otechnique peut sembler complexe, mais elle est fondamentalement li\u00e9e aux principes de base de l&#8217;ing\u00e9nierie et de la g\u00e9ologie. Dans ce blog, nous allons explorer l&#8217;\u00e9volution de cette discipline, ses applications, et les avanc\u00e9es qui ont fa\u00e7onn\u00e9 la g\u00e9otechnique moderne.<\/p>\t\t\t\t\t\t<\/div>\n\t\t\t\t<\/div>\n\t\t\t\t<div class=\"elementor-element elementor-element-e612cff elementor-widget elementor-widget-heading\" data-id=\"e612cff\" data-element_type=\"widget\" data-widget_type=\"heading.default\">\n\t\t\t\t<div class=\"elementor-widget-container\">\n\t\t\t<h2 class=\"elementor-heading-title elementor-size-default\"><h2 dir=\"auto\" data-pm-slice=\"1 1 []\">Les Origines Historiques de la G\u00e9otechnique<span style=\"color: var( --e-global-color-primary ); font-family: var( --e-global-typography-primary-font-family ), Sans-serif; font-weight: var( --e-global-typography-primary-font-weight ); text-align: var(--text-align); background-color: transparent;\"><\/span><\/h2><\/h2>\t\t<\/div>\n\t\t\t\t<\/div>\n\t\t\t\t<div class=\"elementor-element elementor-element-09456cd elementor-widget elementor-widget-text-editor\" data-id=\"09456cd\" data-element_type=\"widget\" data-widget_type=\"text-editor.default\">\n\t\t\t\t<div class=\"elementor-widget-container\">\n\t\t\t\t\t\t\t<p class=\"body\" dir=\"auto\" data-pm-slice=\"1 1 []\">Les racines de la g\u00e9otechnique remontent \u00e0 l&#8217;Antiquit\u00e9. Les civilisations anciennes, telles que les \u00c9gyptiens et les Romains, ont utilis\u00e9 des techniques rudimentaires pour analyser le sol lors de la construction de leurs monuments embl\u00e9matiques. Par exemple, les \u00c9gyptiens ont observ\u00e9 que la stabilit\u00e9 des pyramides d\u00e9pendait de la nature du sol sur lequel elles \u00e9taient construites. \u00c0 travers les si\u00e8cles, les ing\u00e9nieurs ont commenc\u00e9 \u00e0 comprendre que la r\u00e9sistance du sol et ses propri\u00e9t\u00e9s physiques jouent un r\u00f4le crucial dans l&#8217;int\u00e9grit\u00e9 des structures.<\/p>\t\t\t\t\t\t<\/div>\n\t\t\t\t<\/div>\n\t\t\t\t<div class=\"elementor-element elementor-element-80cbdd1 elementor-widget elementor-widget-heading\" data-id=\"80cbdd1\" data-element_type=\"widget\" data-widget_type=\"heading.default\">\n\t\t\t\t<div class=\"elementor-widget-container\">\n\t\t\t<h2 class=\"elementor-heading-title elementor-size-default\"><h2 dir=\"auto\" data-pm-slice=\"1 1 []\">D\u00e9veloppement de la G\u00e9otechnique Moderne<span style=\"color: var( --e-global-color-primary ); font-family: var( --e-global-typography-primary-font-family ), Sans-serif; font-weight: var( --e-global-typography-primary-font-weight ); text-align: var(--text-align); background-color: transparent;\"><\/span><\/h2><\/h2>\t\t<\/div>\n\t\t\t\t<\/div>\n\t\t\t\t<div class=\"elementor-element elementor-element-30c9791 elementor-widget elementor-widget-text-editor\" data-id=\"30c9791\" data-element_type=\"widget\" data-widget_type=\"text-editor.default\">\n\t\t\t\t<div class=\"elementor-widget-container\">\n\t\t\t\t\t\t\t<p class=\"body\" dir=\"auto\" data-pm-slice=\"1 1 []\">C&#8217;est cependant au XIXe si\u00e8cle que la g\u00e9otechnique a commenc\u00e9 \u00e0 se structurer en tant que discipline scientifique. Des pionniers comme Karl Terzaghi, souvent consid\u00e9r\u00e9 comme le p\u00e8re de la m\u00e9canique des sols, ont introduit des concepts fondamentaux tels que la portance du sol et la consolidation des s\u00e9diments. Ces notions ont permis de mieux comprendre comment les structures interagissent avec le sol, entra\u00eenant l&#8217;\u00e9mergence de techniques d&#8217;ing\u00e9nierie plus sophistiqu\u00e9es et fiables. Aujourd&#8217;hui, la g\u00e9otechnique utilise des m\u00e9thodes avanc\u00e9es, comme l&#8217;analyse g\u00e9ophysique et les simulations informatiques, pour \u00e9tudier le comportement des sols et \u00e9valuer les risques pour les projets d&#8217;ing\u00e9nierie.<\/p>\t\t\t\t\t\t<\/div>\n\t\t\t\t<\/div>\n\t\t\t\t<div class=\"elementor-element elementor-element-2da2ea9 elementor-widget elementor-widget-heading\" data-id=\"2da2ea9\" data-element_type=\"widget\" data-widget_type=\"heading.default\">\n\t\t\t\t<div class=\"elementor-widget-container\">\n\t\t\t<h2 class=\"elementor-heading-title elementor-size-default\"><h2 dir=\"auto\" data-pm-slice=\"1 1 []\">Applications Pratiques de la G\u00e9otechnique<span style=\"color: var( --e-global-color-primary ); font-family: var( --e-global-typography-primary-font-family ), Sans-serif; font-weight: var( --e-global-typography-primary-font-weight ); text-align: var(--text-align); background-color: transparent;\"><\/span><\/h2><\/h2>\t\t<\/div>\n\t\t\t\t<\/div>\n\t\t\t\t<div class=\"elementor-element elementor-element-978a807 elementor-widget elementor-widget-text-editor\" data-id=\"978a807\" data-element_type=\"widget\" data-widget_type=\"text-editor.default\">\n\t\t\t\t<div class=\"elementor-widget-container\">\n\t\t\t\t\t\t\t<p class=\"body\" dir=\"auto\" data-pm-slice=\"1 1 []\">La g\u00e9otechnique trouve son application dans divers domaines : construction de fondations, infrastructures de transport, barrages, et m\u00eame dans l&#8217;\u00e9tude des risques naturels tels que les glissements de terrain. Les experts en g\u00e9otechnique effectuent des \u00e9tudes de sol pour \u00e9valuer la composition, l&#8217;humidit\u00e9 et la r\u00e9sistance du terrain, afin de garantir que les structures soient non seulement s\u00fbres, mais aussi durables sur le long terme. En int\u00e9grant \u00e0 la fois th\u00e9ories anciennes et techniques modernes, la g\u00e9otechnique joue un r\u00f4le crucial dans le d\u00e9veloppement durable et la protection de l&#8217;environnement.<\/p><p class=\"body\" dir=\"auto\">En conclusion, comprendre la g\u00e9otechnique et ses bases historiques est essentiel, tant pour les sp\u00e9cialistes que pour les n\u00e9ophytes. Cette discipline continuera d&#8217;\u00e9voluer avec les nouvelles technologies et la recherche, offrant des solutions innovantes pour les d\u00e9fis de demain. Qu&#8217;il s&#8217;agisse de b\u00e2tir des immeubles, des ponts ou de comprendre les m\u00e9canismes naturels, la g\u00e9otechnique restera au c\u0153ur des pr\u00e9occupations en ing\u00e9nierie et en construction.<\/p>\t\t\t\t\t\t<\/div>\n\t\t\t\t<\/div>\n\t\t\t\t\t<\/div>\n\t\t\t\t<\/div>\n\t\t\t\t<\/div>\n\t\t","protected":false},"excerpt":{"rendered":"<p>L&#8217;Essence de la G\u00e9otechnique : Un Voyage \u00e0 Travers l&#8217;Histoire Introduction \u00e0 la G\u00e9otechnique La g\u00e9otechnique est une discipline essentielle qui \u00e9tudie le comportement des sols et des roches sous l&#8217;effet de divers facteurs, notamment l&#8217;eau, la pression, et les structures humaines. Pour les n\u00e9ophytes, la g\u00e9otechnique peut sembler complexe, mais elle est fondamentalement li\u00e9e&#8230;<\/p>\n","protected":false},"author":1,"featured_media":165,"parent":0,"menu_order":0,"comment_status":"closed","ping_status":"closed","template":"","meta":{"_monsterinsights_skip_tracking":false,"_monsterinsights_sitenote_active":false,"_monsterinsights_sitenote_note":"","_monsterinsights_sitenote_category":0,"_kadence_starter_templates_imported_post":false,"_kad_post_transparent":"","_kad_post_title":"hide","_kad_post_layout":"fullwidth","_kad_post_sidebar_id":"","_kad_post_content_style":"unboxed","_kad_post_vertical_padding":"hide","_kad_post_feature":"hide","_kad_post_feature_position":"","_kad_post_header":false,"_kad_post_footer":false,"footnotes":""},"class_list":["post-128","page","type-page","status-publish","has-post-thumbnail","hentry"],"yoast_head":"<!-- This site is optimized with the Yoast SEO plugin v23.4 - https:\/\/yoast.com\/wordpress\/plugins\/seo\/ -->\n<title>Voyage \u00e0 Travers l&#039;Histoire - WordPress<\/title>\n<meta name=\"robots\" content=\"index, follow, max-snippet:-1, max-image-preview:large, max-video-preview:-1\" \/>\n<link rel=\"canonical\" href=\"https:\/\/geo-info.fr\/index.php\/elementor-128\/\" \/>\n<meta property=\"og:locale\" content=\"en_US\" \/>\n<meta property=\"og:type\" content=\"article\" \/>\n<meta property=\"og:title\" content=\"Voyage \u00e0 Travers l&#039;Histoire - WordPress\" \/>\n<meta property=\"og:description\" content=\"L&#8217;Essence de la G\u00e9otechnique : Un Voyage \u00e0 Travers l&#8217;Histoire Introduction \u00e0 la G\u00e9otechnique La g\u00e9otechnique est une discipline essentielle qui \u00e9tudie le comportement des sols et des roches sous l&#8217;effet de divers facteurs, notamment l&#8217;eau, la pression, et les structures humaines. Pour les n\u00e9ophytes, la g\u00e9otechnique peut sembler complexe, mais elle est fondamentalement li\u00e9e...\" \/>\n<meta property=\"og:url\" content=\"https:\/\/geo-info.fr\/index.php\/elementor-128\/\" \/>\n<meta property=\"og:site_name\" content=\"WordPress\" \/>\n<meta property=\"article:modified_time\" content=\"2024-10-03T09:47:59+00:00\" \/>\n<meta property=\"og:image\" content=\"https:\/\/geo-info.fr\/wp-content\/uploads\/2024\/10\/DALL\u00b7E-2024-10-03-10.50.09-A-highly-realistic-image-representing-major-engineering-feats-around-the-world-where-geotechnical-engineering-played-a-significant-role.-The-scene-inc.webp\" \/>\n\t<meta property=\"og:image:width\" content=\"1024\" \/>\n\t<meta property=\"og:image:height\" content=\"1024\" \/>\n\t<meta property=\"og:image:type\" content=\"image\/webp\" \/>\n<meta name=\"twitter:card\" content=\"summary_large_image\" \/>\n<meta name=\"twitter:label1\" content=\"Est. reading time\" \/>\n\t<meta name=\"twitter:data1\" content=\"2 minutes\" \/>\n<script type=\"application\/ld+json\" class=\"yoast-schema-graph\">{\"@context\":\"https:\/\/schema.org\",\"@graph\":[{\"@type\":\"WebPage\",\"@id\":\"https:\/\/geo-info.fr\/index.php\/elementor-128\/\",\"url\":\"https:\/\/geo-info.fr\/index.php\/elementor-128\/\",\"name\":\"Voyage \u00e0 Travers l'Histoire - WordPress\",\"isPartOf\":{\"@id\":\"https:\/\/geo-info.fr\/#website\"},\"primaryImageOfPage\":{\"@id\":\"https:\/\/geo-info.fr\/index.php\/elementor-128\/#primaryimage\"},\"image\":{\"@id\":\"https:\/\/geo-info.fr\/index.php\/elementor-128\/#primaryimage\"},\"thumbnailUrl\":\"https:\/\/geo-info.fr\/wp-content\/uploads\/2024\/10\/DALL\u00b7E-2024-10-03-10.50.09-A-highly-realistic-image-representing-major-engineering-feats-around-the-world-where-geotechnical-engineering-played-a-significant-role.-The-scene-inc.webp\",\"datePublished\":\"2024-10-03T08:45:21+00:00\",\"dateModified\":\"2024-10-03T09:47:59+00:00\",\"breadcrumb\":{\"@id\":\"https:\/\/geo-info.fr\/index.php\/elementor-128\/#breadcrumb\"},\"inLanguage\":\"en-US\",\"potentialAction\":[{\"@type\":\"ReadAction\",\"target\":[\"https:\/\/geo-info.fr\/index.php\/elementor-128\/\"]}]},{\"@type\":\"ImageObject\",\"inLanguage\":\"en-US\",\"@id\":\"https:\/\/geo-info.fr\/index.php\/elementor-128\/#primaryimage\",\"url\":\"https:\/\/geo-info.fr\/wp-content\/uploads\/2024\/10\/DALL\u00b7E-2024-10-03-10.50.09-A-highly-realistic-image-representing-major-engineering-feats-around-the-world-where-geotechnical-engineering-played-a-significant-role.-The-scene-inc.webp\",\"contentUrl\":\"https:\/\/geo-info.fr\/wp-content\/uploads\/2024\/10\/DALL\u00b7E-2024-10-03-10.50.09-A-highly-realistic-image-representing-major-engineering-feats-around-the-world-where-geotechnical-engineering-played-a-significant-role.-The-scene-inc.webp\",\"width\":1024,\"height\":1024},{\"@type\":\"BreadcrumbList\",\"@id\":\"https:\/\/geo-info.fr\/index.php\/elementor-128\/#breadcrumb\",\"itemListElement\":[{\"@type\":\"ListItem\",\"position\":1,\"name\":\"Accueil\",\"item\":\"https:\/\/geo-info.fr\/\"},{\"@type\":\"ListItem\",\"position\":2,\"name\":\"Voyage \u00e0 Travers l&#8217;Histoire\"}]},{\"@type\":\"WebSite\",\"@id\":\"https:\/\/geo-info.fr\/#website\",\"url\":\"https:\/\/geo-info.fr\/\",\"name\":\"WordPress\",\"description\":\"Un site utilisant WordPress\",\"publisher\":{\"@id\":\"https:\/\/geo-info.fr\/#organization\"},\"potentialAction\":[{\"@type\":\"SearchAction\",\"target\":{\"@type\":\"EntryPoint\",\"urlTemplate\":\"https:\/\/geo-info.fr\/?s={search_term_string}\"},\"query-input\":{\"@type\":\"PropertyValueSpecification\",\"valueRequired\":true,\"valueName\":\"search_term_string\"}}],\"inLanguage\":\"en-US\"},{\"@type\":\"Organization\",\"@id\":\"https:\/\/geo-info.fr\/#organization\",\"name\":\"WordPress\",\"url\":\"https:\/\/geo-info.fr\/\",\"logo\":{\"@type\":\"ImageObject\",\"inLanguage\":\"en-US\",\"@id\":\"https:\/\/geo-info.fr\/#\/schema\/logo\/image\/\",\"url\":\"https:\/\/geo-info.fr\/wp-content\/uploads\/2024\/09\/TECHSOL.png\",\"contentUrl\":\"https:\/\/geo-info.fr\/wp-content\/uploads\/2024\/09\/TECHSOL.png\",\"width\":5000,\"height\":3106,\"caption\":\"WordPress\"},\"image\":{\"@id\":\"https:\/\/geo-info.fr\/#\/schema\/logo\/image\/\"}}]}<\/script>\n<!-- \/ Yoast SEO plugin. -->","yoast_head_json":{"title":"Voyage \u00e0 Travers l'Histoire - WordPress","robots":{"index":"index","follow":"follow","max-snippet":"max-snippet:-1","max-image-preview":"max-image-preview:large","max-video-preview":"max-video-preview:-1"},"canonical":"https:\/\/geo-info.fr\/index.php\/elementor-128\/","og_locale":"en_US","og_type":"article","og_title":"Voyage \u00e0 Travers l'Histoire - WordPress","og_description":"L&#8217;Essence de la G\u00e9otechnique : Un Voyage \u00e0 Travers l&#8217;Histoire Introduction \u00e0 la G\u00e9otechnique La g\u00e9otechnique est une discipline essentielle qui \u00e9tudie le comportement des sols et des roches sous l&#8217;effet de divers facteurs, notamment l&#8217;eau, la pression, et les structures humaines. Pour les n\u00e9ophytes, la g\u00e9otechnique peut sembler complexe, mais elle est fondamentalement li\u00e9e...","og_url":"https:\/\/geo-info.fr\/index.php\/elementor-128\/","og_site_name":"WordPress","article_modified_time":"2024-10-03T09:47:59+00:00","og_image":[{"width":1024,"height":1024,"url":"https:\/\/geo-info.fr\/wp-content\/uploads\/2024\/10\/DALL\u00b7E-2024-10-03-10.50.09-A-highly-realistic-image-representing-major-engineering-feats-around-the-world-where-geotechnical-engineering-played-a-significant-role.-The-scene-inc.webp","type":"image\/webp"}],"twitter_card":"summary_large_image","twitter_misc":{"Est. reading time":"2 minutes"},"schema":{"@context":"https:\/\/schema.org","@graph":[{"@type":"WebPage","@id":"https:\/\/geo-info.fr\/index.php\/elementor-128\/","url":"https:\/\/geo-info.fr\/index.php\/elementor-128\/","name":"Voyage \u00e0 Travers l'Histoire - WordPress","isPartOf":{"@id":"https:\/\/geo-info.fr\/#website"},"primaryImageOfPage":{"@id":"https:\/\/geo-info.fr\/index.php\/elementor-128\/#primaryimage"},"image":{"@id":"https:\/\/geo-info.fr\/index.php\/elementor-128\/#primaryimage"},"thumbnailUrl":"https:\/\/geo-info.fr\/wp-content\/uploads\/2024\/10\/DALL\u00b7E-2024-10-03-10.50.09-A-highly-realistic-image-representing-major-engineering-feats-around-the-world-where-geotechnical-engineering-played-a-significant-role.-The-scene-inc.webp","datePublished":"2024-10-03T08:45:21+00:00","dateModified":"2024-10-03T09:47:59+00:00","breadcrumb":{"@id":"https:\/\/geo-info.fr\/index.php\/elementor-128\/#breadcrumb"},"inLanguage":"en-US","potentialAction":[{"@type":"ReadAction","target":["https:\/\/geo-info.fr\/index.php\/elementor-128\/"]}]},{"@type":"ImageObject","inLanguage":"en-US","@id":"https:\/\/geo-info.fr\/index.php\/elementor-128\/#primaryimage","url":"https:\/\/geo-info.fr\/wp-content\/uploads\/2024\/10\/DALL\u00b7E-2024-10-03-10.50.09-A-highly-realistic-image-representing-major-engineering-feats-around-the-world-where-geotechnical-engineering-played-a-significant-role.-The-scene-inc.webp","contentUrl":"https:\/\/geo-info.fr\/wp-content\/uploads\/2024\/10\/DALL\u00b7E-2024-10-03-10.50.09-A-highly-realistic-image-representing-major-engineering-feats-around-the-world-where-geotechnical-engineering-played-a-significant-role.-The-scene-inc.webp","width":1024,"height":1024},{"@type":"BreadcrumbList","@id":"https:\/\/geo-info.fr\/index.php\/elementor-128\/#breadcrumb","itemListElement":[{"@type":"ListItem","position":1,"name":"Accueil","item":"https:\/\/geo-info.fr\/"},{"@type":"ListItem","position":2,"name":"Voyage \u00e0 Travers l&#8217;Histoire"}]},{"@type":"WebSite","@id":"https:\/\/geo-info.fr\/#website","url":"https:\/\/geo-info.fr\/","name":"WordPress","description":"Un site utilisant WordPress","publisher":{"@id":"https:\/\/geo-info.fr\/#organization"},"potentialAction":[{"@type":"SearchAction","target":{"@type":"EntryPoint","urlTemplate":"https:\/\/geo-info.fr\/?s={search_term_string}"},"query-input":{"@type":"PropertyValueSpecification","valueRequired":true,"valueName":"search_term_string"}}],"inLanguage":"en-US"},{"@type":"Organization","@id":"https:\/\/geo-info.fr\/#organization","name":"WordPress","url":"https:\/\/geo-info.fr\/","logo":{"@type":"ImageObject","inLanguage":"en-US","@id":"https:\/\/geo-info.fr\/#\/schema\/logo\/image\/","url":"https:\/\/geo-info.fr\/wp-content\/uploads\/2024\/09\/TECHSOL.png","contentUrl":"https:\/\/geo-info.fr\/wp-content\/uploads\/2024\/09\/TECHSOL.png","width":5000,"height":3106,"caption":"WordPress"},"image":{"@id":"https:\/\/geo-info.fr\/#\/schema\/logo\/image\/"}}]}},"_links":{"self":[{"href":"https:\/\/geo-info.fr\/index.php\/wp-json\/wp\/v2\/pages\/128","targetHints":{"allow":["GET"]}}],"collection":[{"href":"https:\/\/geo-info.fr\/index.php\/wp-json\/wp\/v2\/pages"}],"about":[{"href":"https:\/\/geo-info.fr\/index.php\/wp-json\/wp\/v2\/types\/page"}],"author":[{"embeddable":true,"href":"https:\/\/geo-info.fr\/index.php\/wp-json\/wp\/v2\/users\/1"}],"replies":[{"embeddable":true,"href":"https:\/\/geo-info.fr\/index.php\/wp-json\/wp\/v2\/comments?post=128"}],"version-history":[{"count":16,"href":"https:\/\/geo-info.fr\/index.php\/wp-json\/wp\/v2\/pages\/128\/revisions"}],"predecessor-version":[{"id":213,"href":"https:\/\/geo-info.fr\/index.php\/wp-json\/wp\/v2\/pages\/128\/revisions\/213"}],"wp:featuredmedia":[{"embeddable":true,"href":"https:\/\/geo-info.fr\/index.php\/wp-json\/wp\/v2\/media\/165"}],"wp:attachment":[{"href":"https:\/\/geo-info.fr\/index.php\/wp-json\/wp\/v2\/media?parent=128"}],"curies":[{"name":"wp","href":"https:\/\/api.w.org\/{rel}","templated":true}]}}